6/13100). What is the hundreds digit of 4/(-6) - h/(-30)?
1
Let f = 195 + 73. Let d = f - -180. What is the units digit of d?
8
Let p(n) = 7*n + 115. Let g be p(-17). What is the hundreds digit of 6/2 + (-2814)/24*g?
4
Suppose -2*g = -3*a - 2*a - 4417, -5*g - 4445 = 5*a. Let h = a - -2568. Suppose 0*q = 11*q - h. What is the tens digit of q?
5
Let j(w) be the second derivative of -w**4/12 + 5*w**3/3 + 5*w**2 + 20*w. Let m be j(8). Let s = m - 22. What is the units digit of s?
4
Let u = 42 - 39. Suppose u = 3*c - 4*o, 3*c - 9 = -0*c + 2*o. Suppose 735 = 3*j + 2*j + 5*g, 322 = 2*j - c*g. What is the tens digit of j?
5
Let o(m) = 6*m**2 + m - 8. Let n(z) = z**2 + z + 1. Let w(q) = -5*n(q) + o(q). Let r be (-122)/(-10) - (-4)/(-20). What is the tens digit of w(r)?
8
Let s be ((-9117)/(-9))/(3/3). Suppose -3*l + 3*w - 1053 = -6*l, -3*l + s = -5*w. What is the units digit of l?
6
Let s(w) = -6*w - 100. Let q be s(-19). Suppose -21*a + 441 = -q*a. What is the units digit of a?
3
Suppose 232*x + 3894 = 243*x. Let j = x - 117. What is the hundreds digit of j?
2
Let h = -10401 + 27752. What is the ten thousands digit of h?
1
Let j = 31248 - -9442. What is the ten thousands digit of j?
4
Let i = -32 + 34. Suppose -i*j - 6*j + 4344 = 0. What is the units digit of j?
3
Let r(l) = 22*l - 17. Let k be r(9). Suppose -3*t = k - 661. What is the hundreds digit of t?
1
Let p(n) = n + 1. Let w be p(4). Let m be (-2)/(-5) + 478/w. Let k = m - 48. What is the tens digit of k?
4
Let l be 13*113 - (-14 - -13). Suppose -7*o + 539 = -l. What is the hundreds digit of o?
2
Suppose 10317 = 95*j - 90*j - 2*l, 3*j + 3*l - 6165 = 0. What is the units digit of j?
1
Let k(c) = -7*c + 39. Let w = -90 - -84. What is the units digit of k(w)?
1
Let n = -175 - -258. What is the units digit of (3 + 3 + -3)*n?
9
Suppose -4*a - z + 8185 = 0, 3*a + 157*z = 158*z + 6130. What is the units digit of a?
5
Let j(v) = v**2 + 20*v + 14. Let r be j(-19). Let b(m) = -m**3 - 4*m**2 + 10*m + 1. Let s be b(r). What is the units digit of 628/6 + (-32)/s?
6
Let w = 927 + -748. Let x = w + 84. What is the hundreds digit of x?
2
Suppose -16*w - 28 = -380. Suppose -21 + w = u. What is the units digit of 197/u + (4 - -1 - 1)?
1
Let c(x) = 7*x**2 + 5*x - 4. Let b(n) = -7*n**2 - 5*n + 4. Let u(f) = 2*b(f) + 3*c(f). Let j be u(1). Suppose 0 = j*s - 664 - 8. What is the units digit of s?
4
Let o be 4/(-54) + 4247/837. Suppose -4*j - 4808 = -3*v - 0*v, -8019 = -o*v + j. What is the thousands digit of v?
1
Let o(a) = a**2 - 552. Let y be o(0). Let d be 12/(-20) + y/(-20). Let b = 63 - d. What is the tens digit of b?
3
Suppose 2*s + s + 7 = 4*n, 0 = -3*s + 2*n - 5. Let a be 3 + -5 - (5 + s). Let f = 5 - a. What is the units digit of f?
1
Let c(z) = -53*z + 7. Let n be c(-5). Let q be n*(-5 - -1)/(-8). Suppose 4*b - q = 4*p, -b - 3*b + 161 = p. What is the tens digit of b?
3
Suppose 0 = 17*f - 21*f - 60. Let x be ((-4)/(-10))/((-3)/f). Suppose -4*r - 2*y + 222 = 0, 9 = y + x*y. What is the units digit of r?
4
Let i = -45 - -57. Let c be (i/(-18))/((-2)/(-60)). What is the units digit of (5076/90)/((-6)/c)?
8
Suppose 4*w + 6*r - 19181 = 11*r, 0 = -w - r + 4784. What is the thousands digit of w?
4
What is the thousands digit of 2/(-8) - 79540921/(-2036)?
9
Suppose 10*u + 1077 = 347. What is the tens digit of (-35 - -5)/(2/u)?
9
Suppose 299 = -3*g + 2*y + 2*y, -5*g - 477 = 4*y. Let u = 64 + g. What is the tens digit of 4/(-1) - (u + -6)?
3
Let u(a) be the first derivative of -a**3/3 - 12*a**2 - 48*a + 12. Let y be u(-21). Suppose 24*h = y*h + 1755. What is the hundreds digit of h?
1
Let n(x) = 42*x - 26. Let c = -25 - -31. Let m be n(c). Suppose -4*g = -m - 50. What is the tens digit of g?
6
Let o(l) = 256*l + 22. Let b(z) = 28*z + 4. Let y be b(0). What is the units digit of o(y)?
6
Let a(n) = -10*n**2 - 75*n + 8. Let q be a(-7). Suppose 47*y - q*y = 4064. What is the tens digit of y?
1
Suppose 0 = -58*k - 103007 + 290405. What is the hundreds digit of k?
2
Suppose 2 = -3*u + 5. Suppose p - 2 + u = 0, 2*s = 3*p + 147. Let c = s + -24. What is the tens digit of c?
5
Suppose 4 = 3*d - 26. What is the tens digit of -5 + d + 0 + (0 - -361)?
6
Let g be (0/(-11 - -4 - -5))/1. What is the hundreds digit of (12/8 - 8634/(-12)) + g?
7
Suppose 3*l - 5*u = -183, 5*l - 3*u + 121 = 3*l. Let v = 128 + l. Suppose 2*p - 8 = v. What is the tens digit of p?
4
Suppose m = -2*o + 9, 0*m = o + 3*m + 8. Let w = o - 22. Let y(x) = -3*x + 29. What is the units digit of y(w)?
4
Let z = 9 - 7. Suppose 4*t + z*v + 490 = 8*t, 5*t + 5*v = 650. Let y = t + -60. What is the units digit of y?
5
Let d be -4 + (13915 - -4) - 4. What is the hundreds digit of (-2)/((-54)/d) - (-46)/(-207)?
5
Let j(q) = 3*q**3 - 2*q - 3. Let b be j(5). Suppose -2*v = -2*y + 6*y - b, 0 = 4*v + 5*y - 727. What is the tens digit of v?
8
Let c(t) = 37*t - 7. Let f(v) = 37*v - 6. Let s(z) = -2*c(z) + 3*f(z). Let q be s(-2). Let g = 131 + q. What is the tens digit of g?
5
Suppose 0 = 16*r + 15 - 111. Let n(j) = 64*j + 104. What is the hundreds digit of n(r)?
4
Let q be (0 + 55/15)*21/(-1). Suppose s + 0*b = 2*b - 139, 444 = -3*s - 3*b. Let g = q - s. What is the units digit of g?
8
Let k = -6638 - -13141. What is the hundreds digit of k?
5
Suppose -12304 = -n + 55*t - 56*t, -4*n + 49211 = -t. What is the thousands digit of n?
2
Let q be 2/(-3)*1551/(-22)*-2. Suppose -132 = -3*s + 3. Let f = s - q. What is the tens digit of f?
3
Let z = 180 + -179. What is the units digit of (3/(-6))/(z*(-4)/4744)?
3
Let s = -889 - -2383. What is the tens digit of s?
9
Let b(m) = -37*m + 26 + 84*m - 79*m - 73*m. What is the hundreds digit of b(-16)?
7
Suppose -4*r - 5*r = -18. Suppose 0 = -r*b - 2*j - j + 606, -3*b - 5*j + 909 = 0. Let v = -90 + b. What is the tens digit of v?
1
Let t be (-25)/(-2)*((-1872)/15)/(-6). Let m = t - 417. Let i = m - -351. What is the tens digit of i?
9
Let m(n) = 2*n**2 + 10*n + 8. Let l be m(-4). Suppose l = -4*f + 3*y - 16, 0 = -y - 0*y + 4. What is the tens digit of 4/(-8) + -313*f/2?
5
What is the units digit of 19657 + -2 + 330/(-22)?
0
Suppose -2*j - h = -2614, 4*j - 18*h = -19*h + 5230. What is the thousands digit of j?
1
Suppose -21 = 3*n, -135*p + 2*n = -136*p + 18467. What is the tens digit of p?
8
Let d be (-66)/(-18) + 4/12. Suppose -s = 2*f - d*f - 98, -3*f - 303 = -3*s. What is the units digit of s?
4
Let j(d) = -20*d**3 - 2*d**2 + 4*d + 7. Let t be j(-2). Let b = 246 + t. What is the units digit of b?
7
What is the tens digit of 51356/30 - -8*(-19)/(-1140)?
1
Let a(z) = 953*z**2 - 26*z - 58. What is the hundreds digit of a(-2)?
8
Let r = -162 + 198. Suppose 32*z - r*z + 1048 = 0. What is the tens digit of z?
6
Let p(o) = -2*o**2 + o**2 + 5*o**3 - 65*o**3 - 5. Let j(r) = -59*r**3 - r**2 - 6. Let l(w) = -6*j(w) + 7*p(w). What is the tens digit of l(-1)?
6
Let j = -22106 - -30223. What is the tens digit of j?
1
Let z = -659 - -2143. Suppose 0 = -5*h + 5*y + 1470, -5*h + z = -3*y + 5*y. What is the hundreds digit of h?
2
Suppose -130*w - 97*w + 156*w + 2700698 = 0. What is the ten thousands digit of w?
3
Suppose 4*z = 5*s + 347 + 7860, 3*s + 10262 = 5*z. What is the tens digit of z?
5
Let t(x) = 13593*x**3 - 34*x**2 + 19*x + 16. What is the thousands digit of t(1)?
3
Suppose -4 = -v, -3*a - 20*v + 15*v + 36419 = 0. What is the thousands digit of a?
2
Let j be ((-9)/(-2))/3 + 6/4. Suppose 0 = 3*z - 6*z - 9, j*h - z - 288 = 0. Suppose -175 - h = -3*o. What is the tens digit of o?
9
Let r(q) = 15*q + 18. Let a(j) = -40*j - 59. Let m(h) = -h + 1. Let t(d) = -a(d) - 6*m(d). Let l(y) = -7*r(y) + 2*t(y). What is the units digit of l(-5)?
5
Suppose -36328 = -3*h + 3*z + 44243, -53690 = -2*h - 4*z. What is the tens digit of h?
5
Let x(g) = g**3 - 35*g**2 + 67*g - 26. Let n be x(33). What is the units digit of (2 + -7 - (-121)/1)*n?
2
Suppose 2*n = 41154 - 14860. Suppose -10503 = 2*u - 3*h, 2*h - 2669 = -2*u - n. What is the tens digit of (u/95)/(1/(-5))?
7
Let v = -68 - -62. Let d(j) = j**2 + 7*j + 9. Let i be d(v). Suppose -i*q - 2*x + 7 = 0, 0 = 3*q - x + 1 - 2. What is the units digit of q?
1
Let j(p) = p**2 + 20*p + 11. Let z be 6/2 + 22/(-1). Let t be j(z). What is the tens digit of t/2 + (45 - 4)?
3
Let c = 127 + -122. Suppose 4*o + 2*k - 1832 = -